me?
False
Let d(k) = 3012*k + 529. Is d(4) composite?
False
Let k(a) = -332*a**3 + 3*a**2 + a - 3. Suppose 9*t - 18 = 3*t. Let c be k(t). Is 6/(-9)*c/18 composite?
False
Suppose -3*w = z + 16, -5*z - 1 = -w - 17. Is 3/(-2)*(-1 + 3350/w) prime?
True
Let d(x) = x**2 + x + 73. Let k be d(0). Suppose -81 = -2*j - k. Is 1/((2/(-230))/((-4)/j)) composite?
True
Let l(d) = 744*d + 726*d - 292*d - 201. Is l(26) a composite number?
False
Let t(s) = -10461*s + 1547. Is t(-4) a prime number?
True
Let g(k) = 2588*k + 93. Let q = -163 - -168. Is g(q) prime?
True
Let n(c) be the second derivative of -11/2*c**2 + 0 - 1/4*c**5 - 5/6*c**3 + 12*c - 13/12*c**4. Is n(-10) composite?
False
Let p(k) be the first derivative of -3*k**4/4 - 4*k**3 - 55*k**2/2 + 22*k + 226. Is p(-16) a composite number?
True
Let y be (-105016)/(-28) + (-6)/(-14). Let z = 7712 - y. Is z prime?
False
Let k be -4*2/(-6)*(-27)/(-9). Suppose k*w + 5 = 17. Suppose 101 + 34 = 3*x - 3*g, w*g = -5*x + 209. Is x prime?
True
Let r(n) = 699*n + 22. Let q(b) = -699*b - 23. Let d(v) = 3*q(v) + 2*r(v). Let i(k) = 349*k + 12. Let s(c) = 3*d(c) + 7*i(c). Is s(2) a composite number?
False
Suppose 0 = 3*u + 4*m - 1178263, u + 2*m - 337073 - 55682 = 0. Is u a prime number?
False
Let n = 1160318 - 335757. Is n composite?
True
Let z(b) = -19*b**2 + 163*b**3 + 11*b - 4*b**2 + 3 + 5*b - 7 + 17. Is z(7) a prime number?
True
Suppose 0 = -1106*a + 1108*a - n - 117123, -4*a = n - 234231. Is a prime?
False
Suppose -2142 = -129*l + 135*l. Let p = 34 - l. Is p composite?
True
Let o = -1079 + 171. Let j = 5805 + o. Is j a composite number?
True
Let l be ((-8)/10)/((-2)/250). Suppose -j - 482 + 670 = -5*j. Let s = l + j. Is s prime?
True
Let w = -13 + 22. Suppose p + s = -3, 5*p = -s - 2*s - w. Suppose -5*y - 5*h + 4375 = p, -h = 7*y - 2*y - 4391. Is y a prime number?
False
Let k = 1267 + -1254. Let l(q) = -q + 4. Let h be l(-3). Is (h - k)/(4/(-454)) a prime number?
False
Let n = -138 - -132. Is ((-2777)/3)/(2/n) prime?
True
Suppose -6*l + 2496 = -5*l + 4*d, l - 2494 = -5*d. Let b = l + -1224. Suppose -5*y + b = 5*z, 0*y - y + 1009 = 4*z. Is z prime?
True
Suppose 5*n - o = -113 + 13, 0 = -n + o - 24. Let z(h) = 2*h**2 + h - 122. Is z(n) prime?
False
Suppose -4*t + 3*p + 10 = 0, 4*p = -4 + 12. Suppose -5*d + 5355 = 2*f, -3*f + 5769 = t*d + 1478. Is d composite?
False
Suppose 10*i + 14265 = 11*i. Is i/21 + -2*3/21 composite?
True
Suppose -5*x - 5450 = 3*t, 4*x = -2*t - 2919 - 715. Let w = t + 4096. Is w a prime number?
True
Let p = -1104 + 1106. Let h be 1 + 0 - (-1 - -2). Suppose 4*a - 7174 = c, p*a - c + h*c = 3588. Is a prime?
False
Let u = 145023 - 61934. Is u a composite number?
False
Let l = -79 - -90. Suppose -l*o - 12009 + 49706 = 0. Is o a prime number?
False
Let o(c) = 9*c**2 - 72*c + 49 + 88*c - 6. Is o(16) a composite number?
True
Suppose -2*u = -3*h + 63, -9*h + 12*h + 3*u - 63 = 0. Is (h/(-42))/(1/(-102)) a prime number?
False
Let k = 2192976 + -1031362. Is k composite?
True
Let a = -40 - -43. Suppose -7*l = -3*l - 8. Suppose 183 = 3*s - 3*m, -l*s - 70 = -a*s + 4*m. Is s a prime number?
False
Suppose 15*b - 6*b - 23067 = 0. Let j = b + -1652. Is j prime?
True
Let h(f) = 5*f**3 - 1 + 2 + 2*f + 7*f**2 - 8*f**2. Is h(6) a composite number?
True
Suppose -17*d - 87*d + 6879080 = 0. Is d composite?
True
Let l = 176 + -11536. Let b = l + 26871. Is b a prime number?
True
Let x = -356708 + 621405. Is x a prime number?
True
Suppose -20*s = -57026 - 35214. Let b = -1613 + s. Is b prime?
True
Let t = -120 - -124. Suppose -m - t = n, n - 8 = -n + 2*m. Suppose -3*k = -2*p - n*p + 518, -2*k - 1020 = -4*p. Is p a composite number?
True
Let p = -19 - -23. Let q be 10/p - 12/(-8). Suppose -5*f + 2241 = -0*f - 4*r, 874 = 2*f + q*r. Is f composite?
True
Let u = 61 - 56. Suppose -18 - 7 = -u*i. Suppose -i*b + 3*p + 3417 = 0, 2*b + 3*b = -3*p + 3393. Is b composite?
True
Let z(o) = 9*o - 275. Let r be z(31). Let t be 38/14 + 4/14. Suppose r*h = w + 653, t*h - 323 - 163 = -3*w. Is h composite?
False
Let w(i) = 196*i - 13. Let f be w(-1). Let q = f - -796. Is q a composite number?
False
Let m = 60 - 31. Let l = m + -29. Suppose 3*u + 738 = 5*q - 1667, l = u. Is q composite?
True
Suppose 21*b - 828858 - 456767 = -158324. Is b composite?
False
Is (-13)/((-104)/(-458058))*8/(-6) a composite number?
False
Suppose -d + 2*k + 13 = k, -2*d + 5*k = -20. Is (-12)/d + 13434/60*42 prime?
True
Let u = -31 + 38. Let n be (24/21)/(2/u). Suppose n*g + 0*g = 7604. Is g composite?
False
Let u be (0/(-4 + 5))/(-2). Suppose u = -7*c - 3*c + 28610. Is c composite?
False
Let d(m) = 325*m**2 + 4*m - 3. Let h be d(5). Suppose h = -24*l + 52374. Is l a composite number?
True
Let o = 18437 - 6780. Is o prime?
True
Let w = -65 - -69. Suppose 5*f + w*q - 68 = 0, f - 50 = -4*f + 5*q. Is (f/14)/((-20)/(-35))*118 composite?
True
Let d(l) = 374*l + 39. Let u(g) = g**2 + 8*g - 44. Let v be u(-12). Suppose v*h - 6 = 10. Is d(h) a composite number?
True
Let n = 2252 - 446. Let j = n - 871. Suppose -i - 5*k + 166 = 0, j = 5*i + 3*k + k. Is i a prime number?
True
Let g(d) = 26*d**3 - 5*d**2 + 7*d - 1. Let v be g(3). Suppose -y + v = 3*i - 505, -2*y + 1179 = 3*i. Is i prime?
False
Let k = -72277 + 102429. Suppose 0 = -4*p + b + 3*b + k, 4*p - 3*b - 30155 = 0. Is p a prime number?
True
Suppose -6952 = -9*m + 5*m. Let k = 3261 - m. Is k a composite number?
False
Let d = 451 - 212. Let b be (-16)/28*-1 - (-84)/(-147). Suppose -8*r + 7*r + d = b. Is r composite?
False
Suppose -13607491 - 6753723 = -274*m. Is m a composite number?
False
Suppose -x - 2*a + 21 = 0, -4*x + 27 = -3*x + 4*a. Let g be 2 + (-5920)/(-6) - 10/x. Let t = -530 + g. Is t prime?
False
Let j(s) = -4721*s**2 - 17*s + 44. Let i(q) = -2360*q**2 - 8*q + 21. Let l(t) = -5*i(t) + 2*j(t). Is l(2) composite?
True
Is (-1 + -109158)*((-6)/(-10) - (-80)/(-50)) a composite number?
False
Is (-12)/432*9*-17084 composite?
False
Let t = -237 - -306. Is (216338/t)/((-2)/(-3)) a composite number?
False
Let k = 1939 + 452. Suppose 0 = 17*o - 52150 + k. Is o composite?
False
Is ((-7509)/(-24))/(129/19608) prime?
False
Let u(i) = 24*i - 14. Let k be u(-8). Let r = 362 - k. Suppose -8123 + r = -5*j. Is j a prime number?
True
Suppose -4*u - 27*u + 99975 = 0. Suppose 2*q = u + 6277. Is q prime?
True
Let q be (4 - 4)/(-14 - -13). Let y(v) = 30*v + 1673. Is y(q) composite?
True
Let q(i) = 7*i + 7. Let n be q(-7). Is (81431/n)/((-4)/(-5 + 29)) composite?
False
Suppose -10*o + 4*o - 48 = 0. Let i be ((-5868)/o)/((-2)/24). Let t = i + 16861. Is t a prime number?
True
Suppose -9*q + 92 - 2 = 0. Suppose x = -q*s + 12*s - 2434, 0 = -2*s - 5*x + 2458. Is s a prime number?
False
Suppose 27*y - 22*y = 3*j - 186253, -4*j - 4*y + 248316 = 0. Is j prime?
True
Suppose 0 = -c - 2*l + 3161, 0 = 4*c - 171*l + 175*l - 12644. Is c a composite number?
True
Suppose 97604 + 72682 = 4*j + 2*g, 5*j + 4*g = 212865. Is j prime?
True
Let k(t) = -t**2 + 15*t + 16. Let d be k(16). Suppose 4*x + 3*o + 33 = d, -2*o - o + 9 = -3*x. Let b(y) = 49*y**2 + 17*y + 11. Is b(x) prime?
False
Let m(u) = -u**3 + 5*u**2 + 6*u + 8. Let n be m(6). Suppose 14*z = 10*z + n*z. Suppose z = i + 2*y - 637, 1247 = 2*i - 4*y - y. Is i a prime number?
True
Let n(o) = 17*o**2 - 135*o + 25. Is n(12) a composite number?
False
Let j(l) = -l**3 + 20*l**2 + 29*l + 11. Suppose -6*v + 103 = -17. Let k be j(v). Let r = k - 272. Is r a prime number?
False
Suppose 9 - 37 = -14*h. Suppose 0 = h*q + 3*b - 7426, -q - 5*b = -3*b - 3715. Is q prime?
False
Suppose 578*r - 1130*r = -580*r + 2419004. Is r prime?
False
Let t = 371 + -170. Let k(f) = f + 410 - 210 - t + 158*f**2. Is k(-2) a prime number?
False
Let d(s) = -11887*s**3 + 2*s**2 - 2*s - 4. Is d(-1) a prime number?
True
Suppose 0*n = 5*n - 5*u + 5, -n = 2*u - 11. Suppose 5 = -4*v - 4*h - n, 4*v = 2*h - 20. Is 1*(v/(-8))/((-1)/(-3194)) a prime number?
True
Suppose -267878 - 157384 = -6*l. Is l prime?
True
Let o(p) = 9*p**3 - 17*p**2 + 8*p + 9. Suppose 3*g + 3*k - 18 = 0, 0 = 3*g + 4*k - 11 - 5. Is o(g) prime?
True
Let p = 57 + -69. Let s(d) = -3*d - 40. Let t be s(p). Is t/(-14) - (-11154)/14 prime?
True
Let i = 136889 - 64500. Suppose 2*f = 3*t + 28952, 0 = -5*f - 10*t + 13*t + i. Is f prime?
True
Is (1 + 580708/10)*(43 - (-46 - -64